{"id":582,"date":"2021-05-15T10:55:20","date_gmt":"2021-05-15T10:55:20","guid":{"rendered":"https:\/\/adwokat-krygier.pl\/?page_id=582"},"modified":"2021-05-19T09:48:39","modified_gmt":"2021-05-19T09:48:39","slug":"polityka-prywatnosci","status":"publish","type":"page","link":"https:\/\/adwokat-krygier.pl\/index.php\/polityka-prywatnosci\/","title":{"rendered":"Polityka prywatno\u015bci"},"content":{"rendered":"<p>[et_pb_section fb_built=&#8221;1&#8243; _builder_version=&#8221;3.22&#8243; custom_padding=&#8221;||1px|||&#8221;][et_pb_row _builder_version=&#8221;3.25&#8243; background_size=&#8221;initial&#8221; background_position=&#8221;top_left&#8221; background_repeat=&#8221;repeat&#8221;][et_pb_column type=&#8221;4_4&#8243; _builder_version=&#8221;3.25&#8243; custom_padding=&#8221;|||&#8221; custom_padding__hover=&#8221;|||&#8221;][et_pb_text _builder_version=&#8221;3.27.4&#8243; background_size=&#8221;initial&#8221; background_position=&#8221;top_left&#8221; background_repeat=&#8221;repeat&#8221;]<!-- divi:paragraph --><\/p>\n<p style=\"text-align: justify;\"><strong>Polityka prywatno\u015bci<\/strong><\/p>\n<p style=\"text-align: justify;\"><span>Ta strona przetwarza dane u\u017cytkownik\u00f3w zgodnie z Rozporz\u0105dzeniem Parlamentu Europejskiego i Rady (UE) 2016\/679 z dnia 27 kwietnia 2016 r. (tzw. RODO). Ponadto strona korzysta z ciasteczek (pliki cookies), aby \u015bwiadczy\u0107 us\u0142ugi na najwy\u017cszym poziomie. Dalsze korzystanie ze strony oznacza zgod\u0119 na ich u\u017cycie.<\/span><\/p>\n<p style=\"text-align: justify;\"><strong>Administrator Danych Osobowych<\/strong><\/p>\n<ul style=\"text-align: justify;\">\n<li style=\"text-align: justify;\">Administratorem danych osobowych jest Kancelaria Adwokacka Adwokat Joanna Krygier, ul.\u00a0Jana III Sobieskiego 3c\/59, 14-100 Ostr\u00f3da, NIP: 7412045659, REGON: 380993423 (dalej \u201eKancelaria\u201d).<\/li>\n<li>Kancelaria otrzymuje dane osobowe swoich Klient\u00f3w tylko\u00a0bezpo\u015brednio od\u00a0nich samych.<\/li>\n<li>Dane osobowe to informacje, kt\u00f3re zosta\u0142y podane w\u00a0formularzu kontaktowym. W\u00a0razie skorzystania z\u00a0us\u0142ug Kancelarii, s\u0105 to\u00a0r\u00f3wnie\u017c inne dane osobowe, kt\u00f3re s\u0105 niezb\u0119dne do\u00a0w\u0142a\u015bciwego prowadzenia sprawy.<\/li>\n<li>Wszystkie dane osobowe, jakie s\u0105 udost\u0119pniane s\u0142u\u017c\u0105 przede wszystkim do\u00a0reprezentowania interes\u00f3w Klienta, s\u0105 wi\u0119c\u00a0one przetwarzane w\u00a0celu ich prawid\u0142owego wykorzystania w analizach sprawy. S\u0142u\u017c\u0105 one r\u00f3wnie\u017c do\u00a0udzielenia odpowiedzi na pytanie zadane za\u00a0po\u015brednictwem formularza kontaktowego.<\/li>\n<li>Przetwarzanie danych jest niezb\u0119dne do\u00a0wykonywania zawartej umowy, zgodnie z\u00a0Art. 6 ust. 1b rozporz\u0105dzenia unijnego, wyst\u0119puj\u0105 tak\u00a0zwane prawnie uzasadnione interesy realizowane przez\u00a0administratora, zgodnie z\u00a0art. 6 ust. 1f rozporz\u0105dzenia, a tak\u017ce dlatego, \u017ce\u00a0jest to\u00a0niezb\u0119dne do\u00a0ochrony interes\u00f3w Klienta zgodnie z\u00a0art. 6 ust. 1d rozporz\u0105dzenia unijnego. Dane s\u0105 przetwarzane r\u00f3wnie\u017c dlatego, \u017ce jest to niezb\u0119dne do udzielenia odpowiedzi na pytanie zadane za\u00a0po\u015brednictwem formularza kontaktowego. Kancelaria korzysta z us\u0142ug Gmail (Google).<\/li>\n<li>Podanie danych jest niezb\u0119dne do\u00a0zawarcia um\u00f3w o\u00a0\u015bwiadczenie pomocy prawnej i\u00a0rozliczenia dzia\u0142alno\u015bci oraz\u00a0wywi\u0105zania si\u0119 Kancelarii z\u00a0wymog\u00f3w prawa. Nadto jest niezb\u0119dne do\u00a0udzielenia odpowiedzi na pytanie zadane za\u00a0po\u015brednictwem formularza kontaktowego.<\/li>\n<li>Dane s\u0105 udost\u0119pniane instytucjom publicznym, a\u00a0wi\u0119c\u00a0s\u0105dom i\u00a0innym organom, je\u015bli reprezentujemy Klienta przed\u00a0tymi instytucjami. Dane nie podlegaj\u0105 zautomatyzowanemu podejmowaniu decyzji, w tym profilowaniu.<\/li>\n<li>Dane osobowe s\u0105 przechowywane przez\u00a0czas obowi\u0105zywania zawartej umowy. W\u00a0przypadku danych osobowych podanych za\u00a0po\u015brednictwem formularza kontaktowego, wobec braku zawarcia umowy o\u00a0\u015bwiadczenie us\u0142ug prawnych, dane s\u0105 przechowywane nie\u00a0d\u0142u\u017cej ni\u017c to\u00a0jest niezb\u0119dne.<\/li>\n<li>Ka\u017cdej osobie, kt\u00f3rej\u00a0dane s\u0105\u0328 przetwarzane przez\u00a0Kancelari\u0119, przys\u0142uguje prawo do: \u00a0dost\u0119pu do\u00a0swoich danych oraz\u00a0otrzymania ich kopii, sprostowania (poprawiania) swoich danych, usuni\u0119cia swoich danych, ograniczenia przetwarzania swoich danych, przenoszenia swoich danych \u2013 je\u015bli podstaw\u0105 prawn\u0105 ich przetwarzania jest zgoda (art. 6 ust. 1 lit. a\u00a0lub art. 9 ust. 2 lit. a\u00a0RODO) lub umowa (art. 6 ust. 1 lit. b RODO), wniesienia sprzeciwu wobec przetwarzania jej danych osobowych \u2013 je\u015bli podstaw\u0105 prawn\u0105 ich przetwarzania jest prawnie uzasadniony interes (art. 6 ust. 1 lit. f RODO).<\/li>\n<li>Wi\u0119cej informacji o\u00a0prawach przys\u0142uguj\u0105cych osobom, kt\u00f3rych\u00a0dane dotycz\u0105\u0328, zawieraj\u0105\u0328 przepisy art. 12\u201323 RODO. Ponadto osobie, kt\u00f3rej\u00a0dane s\u0105\u0328 przetwarzane przez\u00a0Kancelari\u0119, przys\u0142uguje prawo wniesienia skargi do\u00a0organu nadzorczego, tj.\u00a0Prezesa Urz\u0119du Ochrony Danych Osobowych. Wi\u0119cej informacji pod\u00a0adresem: <a href=\"https:\/\/uodo.gov.pl\/pl\/p\/skargi\">https:\/\/uodo.gov.pl\/pl\/p\/skargi<\/a><\/li>\n<\/ul>\n<p style=\"text-align: justify;\"><strong>\u00a0\u00a0\u00a0Pliki Cookies<\/strong><\/p>\n<p style=\"text-align: justify;\">Strona u\u017cywa plik\u00f3w cookies dla wygody Internaut\u00f3w. S\u0105 to bezpieczne dane, pliki tekstowe nie maj\u0105ce mo\u017cliwo\u015bci uruchomienia lub dodatkowych uprawnie\u0144, zapisywane na urz\u0105dzeniu ko\u0144cowym u\u017cytkownika. Przegl\u0105darki internetowe domy\u015blnie dopuszczaj\u0105 przechowywanie i u\u017cywanie plik\u00f3w cookies. Pliki cookies umo\u017cliwiaj\u0105:<\/p>\n<ul style=\"text-align: justify;\">\n<li>szybsze dzia\u0142anie strony www;<\/li>\n<li>pozwalaj\u0105 w przypadku sklep\u00f3w internetowych, pami\u0119tanie zawarto\u015bci koszyka;<\/li>\n<li>pozwalaj\u0105 gromadzenie danych statystycznych;<\/li>\n<li>przechowuj\u0105 informacje umo\u017cliwiaj\u0105ce dostosowanie serwisu do preferencji u\u017cytkownika.<\/li>\n<\/ul>\n<p style=\"text-align: justify;\">Wy\u0142\u0105czenie stosowania plik\u00f3w cookie mo\u017ce spowodowa\u0107 utrudnienia w korzystaniu z niekt\u00f3rych us\u0142ug w ramach strony internetowej. Strona internetowa mo\u017ce korzysta\u0107 z us\u0142ug internetowych firm trzecich (Google, Facebook itp.). Mo\u017cna dokona\u0107 zmiany warunk\u00f3w przechowywania lub otrzymywania plik\u00f3w cookie poprzez zmian\u0119 ustawie\u0144 w przegl\u0105darce internetowej.<\/p>\n<p style=\"text-align: justify;\">\u00a0<\/p>\n<p style=\"text-align: justify;\">\u00a0<\/p>\n<p><!-- \/divi:paragraph -->[\/et_pb_text][\/et_pb_column][\/et_pb_row][\/et_pb_section]<\/p>\n","protected":false},"excerpt":{"rendered":"<p>Polityka prywatno\u015bci Ta strona przetwarza dane u\u017cytkownik\u00f3w zgodnie z Rozporz\u0105dzeniem Parlamentu Europejskiego i Rady (UE) 2016\/679 z dnia 27 kwietnia 2016 r. (tzw. RODO). Ponadto strona korzysta z ciasteczek (pliki cookies), aby \u015bwiadczy\u0107 us\u0142ugi na najwy\u017cszym poziomie. Dalsze korzystanie ze strony oznacza zgod\u0119 na ich u\u017cycie. Administrator Danych Osobowych Administratorem danych osobowych jest Kancelaria Adwokacka [&hellip;]<\/p>\n","protected":false},"author":1,"featured_media":0,"parent":0,"menu_order":0,"comment_status":"closed","ping_status":"closed","template":"","meta":{"_et_pb_use_builder":"on","_et_pb_old_content":"<!-- wp:paragraph -->\n<p><strong>Polityka prywatno\u015bci<\/strong><\/p>\n<!-- \/wp:paragraph -->\n\n<!-- wp:paragraph -->\n<p><strong>Administrator Danych Osobowych<\/strong><\/p>\n<!-- \/wp:paragraph -->\n\n<!-- wp:list -->\n<ul><li>Administratorem danych osobowych jest Kancelaria Adwokacka Adwokat Joanna Krygier, ul.&nbsp;Jana III Sobieskiego 3c\/59, 14-100 Ostr\u00f3da, NIP: 7412045659, REGON: 380993423 (dalej \u201eKancelaria\u201d).<\/li><li>Kancelaria otrzymuje dane osobowe swoich Klient\u00f3w tylko&nbsp;bezpo\u015brednio od&nbsp;nich samych.<\/li><li>Dane osobowe to informacje, kt\u00f3re zosta\u0142y podane w&nbsp;formularzu kontaktowym. W&nbsp;razie skorzystania z&nbsp;us\u0142ug Kancelarii, s\u0105 to&nbsp;r\u00f3wnie\u017c inne dane osobowe, kt\u00f3re s\u0105 niezb\u0119dne do&nbsp;w\u0142a\u015bciwego prowadzenia sprawy.<\/li><li>Wszystkie dane osobowe, jakie s\u0105 udost\u0119pniane s\u0142u\u017c\u0105 przede wszystkim do&nbsp;reprezentowania interes\u00f3w Klienta, s\u0105 wi\u0119c&nbsp;one przetwarzane w&nbsp;celu ich prawid\u0142owego wykorzystania w analizach sprawy. S\u0142u\u017c\u0105 one r\u00f3wnie\u017c do&nbsp;udzielenia odpowiedzi na pytanie zadane za&nbsp;po\u015brednictwem formularza kontaktowego.<\/li><li>Przetwarzanie danych jest niezb\u0119dne do&nbsp;wykonywania zawartej umowy, zgodnie z&nbsp;Art. 6 ust. 1b rozporz\u0105dzenia unijnego, wyst\u0119puj\u0105 tak&nbsp;zwane prawnie uzasadnione interesy realizowane przez&nbsp;administratora, zgodnie z&nbsp;art. 6 ust. 1f rozporz\u0105dzenia, a tak\u017ce dlatego, \u017ce&nbsp;jest to&nbsp;niezb\u0119dne do&nbsp;ochrony interes\u00f3w Klienta zgodnie z&nbsp;art. 6 ust. 1d rozporz\u0105dzenia unijnego. Dane s\u0105 przetwarzane r\u00f3wnie\u017c dlatego, \u017ce jest to niezb\u0119dne do udzielenia odpowiedzi na pytanie zadane za&nbsp;po\u015brednictwem formularza kontaktowego.<\/li><li>Podanie danych jest niezb\u0119dne do&nbsp;zawarcia um\u00f3w o&nbsp;\u015bwiadczenie pomocy prawnej i&nbsp;rozliczenia dzia\u0142alno\u015bci oraz&nbsp;wywi\u0105zania si\u0119 Kancelarii z&nbsp;wymog\u00f3w prawa. Nadto jest niezb\u0119dne do&nbsp;udzielenia odpowiedzi na pytanie zadane za&nbsp;po\u015brednictwem formularza kontaktowego.<\/li><li>Dane s\u0105 udost\u0119pniane instytucjom publicznym, a&nbsp;wi\u0119c&nbsp;s\u0105dom i&nbsp;innym organom, je\u015bli reprezentujemy Klienta przed&nbsp;tymi instytucjami.&nbsp;<\/li><li>Dane osobowe s\u0105 przechowywane przez&nbsp;czas obowi\u0105zywania zawartej umowy. W&nbsp;przypadku danych osobowych podanych za&nbsp;po\u015brednictwem formularza kontaktowego, wobec braku zawarcia umowy o&nbsp;\u015bwiadczenie us\u0142ug prawnych, dane s\u0105 przechowywane nie&nbsp;d\u0142u\u017cej ni\u017c to&nbsp;jest niezb\u0119dne.<\/li><li>Ka\u017cdej osobie, kt\u00f3rej&nbsp;dane s\u0105\u0328 przetwarzane przez&nbsp;Kancelari\u0119, przys\u0142uguje prawo do: &nbsp;dost\u0119pu do&nbsp;swoich danych oraz&nbsp;otrzymania ich kopii, sprostowania (poprawiania) swoich danych, usuni\u0119cia swoich danych, ograniczenia przetwarzania swoich danych, przenoszenia swoich danych \u2013 je\u015bli podstaw\u0105 prawn\u0105 ich przetwarzania jest zgoda (art. 6 ust. 1 lit. a&nbsp;lub art. 9 ust. 2 lit. a&nbsp;RODO) lub umowa (art. 6 ust. 1 lit. b RODO), wniesienia sprzeciwu wobec przetwarzania jej danych osobowych \u2013 je\u015bli podstaw\u0105 prawn\u0105 ich przetwarzania jest prawnie uzasadniony interes (art. 6 ust. 1 lit. f RODO).<\/li><\/ul>\n<!-- \/wp:list -->\n\n<!-- wp:paragraph -->\n<p>Wi\u0119cej informacji o&nbsp;prawach przys\u0142uguj\u0105cych osobom, kt\u00f3rych&nbsp;dane dotycz\u0105\u0328, zawieraj\u0105\u0328 przepisy art. 12\u201323 RODO. Ponadto osobie, kt\u00f3rej&nbsp;dane s\u0105\u0328 przetwarzane przez&nbsp;Kancelari\u0119, przys\u0142uguje prawo wniesienia skargi do&nbsp;organu nadzorczego, tj.&nbsp;Prezesa Urz\u0119du Ochrony Danych Osobowych. Wi\u0119cej informacji pod&nbsp;adresem: <a href=\"https:\/\/uodo.gov.pl\/pl\/p\/skargi\">https:\/\/uodo.gov.pl\/pl\/p\/skargi<\/a><\/p>\n<!-- \/wp:paragraph -->","_et_gb_content_width":""},"_links":{"self":[{"href":"https:\/\/adwokat-krygier.pl\/index.php\/wp-json\/wp\/v2\/pages\/582"}],"collection":[{"href":"https:\/\/adwokat-krygier.pl\/index.php\/wp-json\/wp\/v2\/pages"}],"about":[{"href":"https:\/\/adwokat-krygier.pl\/index.php\/wp-json\/wp\/v2\/types\/page"}],"author":[{"embeddable":true,"href":"https:\/\/adwokat-krygier.pl\/index.php\/wp-json\/wp\/v2\/users\/1"}],"replies":[{"embeddable":true,"href":"https:\/\/adwokat-krygier.pl\/index.php\/wp-json\/wp\/v2\/comments?post=582"}],"version-history":[{"count":5,"href":"https:\/\/adwokat-krygier.pl\/index.php\/wp-json\/wp\/v2\/pages\/582\/revisions"}],"predecessor-version":[{"id":627,"href":"https:\/\/adwokat-krygier.pl\/index.php\/wp-json\/wp\/v2\/pages\/582\/revisions\/627"}],"wp:attachment":[{"href":"https:\/\/adwokat-krygier.pl\/index.php\/wp-json\/wp\/v2\/media?parent=582"}],"curies":[{"name":"wp","href":"https:\/\/api.w.org\/{rel}","templated":true}]}}